+ 23/1?
2, 5
Let t(h) = 8*h - 5. Let r be t(-7). Let s = r - -89. List the prime factors of s.
2, 7
Let r(y) = 2*y**2 - 5*y + 6. Let j be r(3). Suppose -j*t + 230 = -4*t. List the prime factors of t.
2, 23
Let o = -5 + 38. Let k = o - 0. List the prime factors of k.
3, 11
Let c(g) = g**3 - g + 2. Suppose v = -4*v + 5. Let d be (1 + -2)*-1 + v. List the prime factors of c(d).
2
Suppose i - s - 2 = 13, -5*i + 4*s = -79. Let x(g) = -g**3 + 19*g**2 + g + 22. List the prime factors of x(i).
41
Let o(j) = -j**2 + 4. Let g be o(-4). Let y = g - -21. List the prime factors of y.
3
Let c(u) = 3*u + 5. Let l be c(-5). Suppose 125 = 15*v - 10*v. What are the prime factors of ((-8)/10)/(l/v)?
2
Let u = -157 - -277. What are the prime factors of u?
2, 3, 5
Suppose -c + 3*k + 122 = 0, -623 = -5*c - 3*k + 5*k. Suppose -8*y + 3*y = -c. List the prime factors of y.
5
Let x be (-312)/(5 + -3) + -3. Let m be 2/11 - x/33. Let p = 5 + m. What are the prime factors of p?
2, 5
List the prime factors of 0 + -3 - (3 + -44).
2, 19
Suppose -y = -3*n + 6 - 3, -y + 1 = n. Suppose -a = -l - 21, y = 4*a + 5*l + 1 - 40. What are the prime factors of a?
2
Suppose -5 = -2*q - 1. Suppose -v + q*c = 3*v + 2, -5*v = 2*c - 20. What are the prime factors of (-1)/((-51)/(-27) - v)?
3
Suppose 2*b - 3*m + 0*m = 12, -3*m + 6 = 4*b. Suppose b*j = -j + 160. Suppose 4*u + 4*p = j, u + 4*u - 50 = p. What are the prime factors of u?
2, 5
Suppose 2*g + 3*g = 10. Suppose 5*v = 6*p - 2*p - 16, 0 = 2*p - g*v - 10. Suppose -p = -b - 0*b. List the prime factors of b.
3
Let p = 75 + 168. What are the prime factors of p?
3
Let m(c) = -c**3 - 4*c**2 - c + 1. List the prime factors of m(-7).
5, 31
Let i(g) = 2*g - 3. Let v(m) = 6*m + 4. Let t(w) = -7*w - 5. Let z(x) = -5*t(x) - 6*v(x). Let j(p) = -3*i(p) - 7*z(p). What are the prime factors of j(6)?
2
Let r(p) = p**2 + 6. Let x be r(0). Let u = x + -1. Suppose 0 = u*k - a - 54, -5*k - a + 46 = -0*k. What are the prime factors of k?
2, 5
Suppose 84*y = 89*y - 60. List the prime factors of y.
2, 3
Let v = 55 + -20. List the prime factors of v.
5, 7
Let p(z) be the first derivative of 4*z**2 - 4*z - 1. Let o be p(5). Suppose 0*b = 4*b - o. List the prime factors of b.
3
Let k be (-9)/2 - 1/(-2). Suppose 2*c + 20 = 5*r, -5*c + 0*r + 2*r = 29. List the prime factors of (0 - c/(-4))*k.
5
Let l(c) be the third derivative of c**5/12 + c**4/24 - c**2. What are the prime factors of l(2)?
2, 11
Suppose -19 = -2*l + 3*u, u = -l + 1 - 4. Let j(r) = 9*r - 1. Let w be j(l). Let o = w + -10. List the prime factors of o.
7
Suppose 9 = -o + 38. What are the prime factors of o?
29
Let v = 2 - 0. Let p be (v/(-3))/((-8)/12). Let q = 2 + p. What are the prime factors of q?
3
Let p be 0 + 10 + -2 + 1. List the prime factors of -3 + p/3 + 14.
2, 7
Let i = 27 - -43. List the prime factors of i.
2, 5, 7
Suppose -3*c - 5*g + 2 = 0, 3*g - 2*g + 22 = 5*c. Let d(t) = -2*t - 4*t + 4*t + 4*t + 1. What are the prime factors of d(c)?
3
Suppose 5*d - 2*r = 23, -3 = -3*r - 0. What are the prime factors of d?
5
Let r(a) = a**3 - 2*a**2 - 6*a - 5. Let m be r(5). Let c(q) = q**3 - 4*q**2 - 4*q - 1. Let g be c(5). Suppose -x - g*x + m = 0. What are the prime factors of x?
2
Suppose 2*r + 0*r = 10. Suppose -2*s - 1 = 2*t - 5, r*s + 14 = t. Suppose 4*p = 0, t*p - 6 = -2*q - 0*q. List the prime factors of q.
3
Let n(p) = -34*p - 19. What are the prime factors of n(-6)?
5, 37
Suppose 2*i + 42 = 3*t - 1, -5*t - 5*i = -30. List the prime factors of t.
11
Suppose d - 7 = -3. Suppose -4*u + 18 = 2*m, d*m - 4*u - 36 = -0*u. List the prime factors of m.
3
Let s = 11 + -7. Suppose -2*h + 4*r - 4 = 0, r - 1 = -h - 0*r. Suppose s = 2*x - h. List the prime factors of x.
2
Let s(j) = j**2 - 9*j + 8. Let a be s(8). Suppose -2*u + 3*c + 53 = a, -4*u - c - 4*c + 117 = 0. What are the prime factors of u?
2, 7
Suppose 0 = -4*c + 4*i, 2*i = -4*c - c - 7. Let v(k) = -10*k - 1. List the prime factors of v(c).
3
Let g(j) be the second derivative of -5*j**3/3 - j**2/2 + j. Suppose -5*v = 4 + 1. What are the prime factors of g(v)?
3
Let b(i) = -10*i - 2. Let c be b(-2). Suppose -1 - 1 = -d, 0 = 2*t - 4*d - c. What are the prime factors of t?
13
Let o(w) = -50*w - 3. List the prime factors of o(-1).
47
Suppose -b - 5*j = -46, 150 = -3*b + 6*b + 3*j. What are the prime factors of b?
3, 17
List the prime factors of (-53)/(-2) + (-3)/(-2).
2, 7
List the prime factors of (-4 - -40) + 4 + 1.
41
Suppose k + 2*u - 6 = 0, 0 = 5*u - 0 + 5. Suppose -4 = 3*g + 11. Let y = k + g. List the prime factors of y.
3
Let r(c) = 25*c + 15. What are the prime factors of r(4)?
5, 23
Let o = 124 - 76. Let y = o - 26. What are the prime factors of y?
2, 11
Let g = 33 + -46. Let q = g - -30. List the prime factors of q.
17
Suppose 3*i - 2*i = 0. Let u = 4 + i. Suppose -7*r + 2*c + 21 = -u*r, r - 14 = 3*c. List the prime factors of r.
5
Let w = 588 - 384. What are the prime factors of w?
2, 3, 17
List the prime factors of 11/(44/(-24))*2/(-4).
3
Suppose -336 = 3*g - 5*g + 5*v, -2*v - 168 = -g. What are the prime factors of g?
2, 3, 7
Let r(l) = 7*l - 2. Let x be ((-4)/6)/(2/(-6)). List the prime factors of r(x).
2, 3
Suppose -4*f = -6 - 2, 5*b = -4*f + 33. Suppose b + 7 = 2*l. Let m = 19 - l. List the prime factors of m.
13
Let y(l) = -2*l - 7. Let o be y(-6). Suppose -3*t - 9 = -6*t + k, -t = o*k - 19. What are the prime factors of t?
2
List the prime factors of 1*-1*(-89 + 0 + 1).
2, 11
Let s = -12 - -17. Suppose p = 2*h + 12, -4*p = p - 3*h - 32. Suppose -3*l + p + s = 0. List the prime factors of l.
3
Suppose -g + 56 = -7. Suppose -4*q + 65 = -g. List the prime factors of q.
2
Let m = -66 + 97. What are the prime factors of m?
31
Suppose -2*l + 31 = -0*n + 5*n, -2*l - 4*n = -28. Suppose -2*s + 4*f + 26 = 0, 2*s - f - 46 + l = 0. What are the prime factors of s?
3, 7
Let x be 1*-4 - (-6 - 2). Suppose -6*b + 64 = -x*b. What are the prime factors of b?
2
Let t(y) = -3*y**2 - y + 0*y**2 + 4*y**2 + 6*y. Let q be t(5). Suppose -k + 53 = 4*v + 2*k, 4*v - q = -2*k. What are the prime factors of v?
11
Let n(s) be the second derivative of -s**3/6 + 5*s**2/2 - 3*s. Let f be n(5). What are the prime factors of (f - 0) + (14 - -4)?
2, 3
Let x(z) = -z**2 + 9*z + 6. What are the prime factors of x(7)?
2, 5
Let i(x) = x**3 - 2*x**2 - 4*x - 5. Let l be i(5). Suppose 0*o + l = 5*o. What are the prime factors of o?
2, 5
Let l(k) = -79*k - 11. What are the prime factors of l(-4)?
5, 61
Let d(l) = l**2 - 10*l - 10. Let s be d(10). Let j = s + 13. What are the prime factors of j?
3
List the prime factors of 37 + -1 + 6 + -8.
2, 17
Suppose 0*p = 2*p. Suppose -5*q + 29 + 36 = p. List the prime factors of q.
13
Let t(q) = -q**3 - 3*q**2 - q + 3. Let b be t(-3). Let d = b - -4. What are the prime factors of d?
2, 5
Suppose 127 = g + v, 4*v - 498 = -4*g + 2*v. What are the prime factors of g?
2, 61
What are the prime factors of (37 - -5)/(4/6)?
3, 7
Suppose 2*c = -6, 4*z + c - 123 = 6*c. What are the prime factors of z?
3
Let v(y) = -2*y**3 + y**2 + y**3 + y + 0*y**2 + 22. List the prime factors of v(0).
2, 11
Suppose -g = -2*f + 146 - 21, 3*f - 205 = -2*g. List the prime factors of f.
5, 13
Let h(j) = -j**3 + 8*j**2 + 10*j + 2. Let f be h(9). Let d(a) = -a**2 + 13*a + 15. What are the prime factors of d(f)?
37
Suppose 0 = -4*n - 5 + 25. Suppose -5*k - 3*c = -13 - 12, 4*c - 10 = n*k. What are the prime factors of k?
2
Suppose -5*l = -0*l - 140. Suppose -3*k - 9 = -3*m - m, 3*m = 0. List the prime factors of (l/k)/((-2)/3).
2, 7
Let k(m) = -m**3 - 5*m**2 - 5*m - 4. Let w be k(-4). Let o(l) be the first derivative of l**3/3 + 2*l - 16. List the prime factors of o(w).
2
Let u = 3 + 2. Suppose -52 = -u*i + 33. What are the prime factors of i?
17
Let x = 12 + -1. Let w(z) = z**2 + 3*z + 3. Let j be w(5). Suppose x - j = -4*c. List the prime factors of c.
2
Suppose -2*y + 102 = y. What are the prime factors of y?
2, 17
Let h(g) = -4*g**2 - 2*g**2 + 12 + 7*g**2 + 10*g. List the prime factors of h(-10).
2, 3
Let b = -3 + 6. Let h be (-1 + 1)/b + 40. Suppose 16 = -3*j + h. List the prime factors of j.
2
Suppose -3*g - 19 = -4, -4*k + 2*g + 30 = 0. Suppose z = -5*j + 106, -j + k*z + 130 = 4*j. Suppose j + 23 = 3*o. What are the prime factors of o?
3, 5
Suppose 25 = -2